{"id":2,"date":"2012-05-31T18:05:57","date_gmt":"2012-05-31T18:05:57","guid":{"rendered":"https:\/\/laig.ufpr.br\/?page_id=2"},"modified":"2025-11-07T20:00:41","modified_gmt":"2025-11-07T20:00:41","slug":"pagina-exemplo","status":"publish","type":"page","link":"https:\/\/laig.ufpr.br\/?page_id=2","title":{"rendered":"Equipe"},"content":{"rendered":"\n<h5 class=\"wp-block-heading has-medium-font-size\"><strong>Coordenador do Laborat\u00f3rio<\/strong><\/h5>\n\n\n\n<p><\/p>\n\n\n\n<p><span><strong>Wander Da Cruz<\/strong><\/span><\/p>\n\n\n\n<p><span>\ud83d\udce7 <a href=\"mailto:maria.silva@ufpr.br\">wander.cruz@ufpr.br<\/a><\/span><\/p>\n\n\n\n<p><span>\ud83d\udcc4 <a href=\"http:\/\/lattes.cnpq.br\/0333862168702333\" target=\"_blank\" rel=\"noreferrer noopener\">Curr\u00edculo Lattes<\/a><\/span><\/p>\n\n\n\n<h5 class=\"wp-block-heading has-medium-font-size\"><strong>Professores<\/strong><\/h5>\n\n\n\n<p><\/p>\n\n\n\n<p><span><strong>Andreas Jerke<\/strong><\/span><\/p>\n\n\n\n<p><span>\ud83d\udce7 <a href=\"mailto:joao.pereira@ufpr.br\">andreasjerke@ufpr.br<\/a><\/span><\/p>\n\n\n\n<p><span>\ud83d\udcc4 <a href=\"http:\/\/lattes.cnpq.br\/1541623475784764\" target=\"_blank\" rel=\"noreferrer noopener\">Curr\u00edculo Lattes<\/a><\/span><\/p>\n\n\n<p><span><strong>Pedro Luis Faggion<\/strong><\/p>\n\n\n<p>\ud83d\udce7 <a href=\"mailto:joao.pereira@ufpr.br\">@ufpr.br<\/a><\/p>\n\n\n\n<p>\ud83d\udcc4 <a href=\"http:\/\/lattes.cnpq.br\/0305985415526913\" target=\"_blank\" rel=\"noreferrer noopener\">Curr\u00edculo Lattes<\/a><\/p>\n\n\n\n<h5 class=\"wp-block-heading has-medium-font-size\"><strong>T\u00e9cnica<\/strong><\/h5>\n\n\n\n<p><\/p>\n\n\n\n<p><strong>Dayane Wiggers<\/strong><\/p>\n\n\n\n<p>\ud83d\udce7 <a href=\"mailto:joao.pereira@ufpr.br\">dayane@ufpr.br<\/a><\/p>\n\n\n\n<p>\ud83d\udcc4 <a href=\"http:\/\/lattes.cnpq.br\/4064873405661123\" target=\"_blank\" rel=\"noreferrer noopener\">Curr\u00edculo Lattes<\/a><\/p>\n\n\n","protected":false},"excerpt":{"rendered":"<p>Coordenador do Laborat\u00f3rio Wander Da Cruz \ud83d\udce7 wander.cruz@ufpr.br \ud83d\udcc4 Curr\u00edculo Lattes Professores Andreas Jerke \ud83d\udce7 andreasjerke@ufpr.br \ud83d\udcc4 Curr\u00edculo Lattes Pedro Luis Faggion \ud83d\udce7 @ufpr.br \ud83d\udcc4 Curr\u00edculo Lattes T\u00e9cnica Dayane Wiggers \ud83d\udce7 dayane@ufpr.br \ud83d\udcc4 Curr\u00edculo Lattes<\/p>\n","protected":false},"author":3,"featured_media":0,"parent":0,"menu_order":0,"comment_status":"closed","ping_status":"closed","template":"","meta":{"footnotes":""},"class_list":["post-2","page","type-page","status-publish","hentry"],"yoast_head":"<!-- This site is optimized with the Yoast SEO plugin v26.9 - https:\/\/yoast.com\/product\/yoast-seo-wordpress\/ -->\n<title>Equipe - Laig<\/title>\n<meta name=\"robots\" content=\"index, follow, max-snippet:-1, max-image-preview:large, max-video-preview:-1\" \/>\n<link rel=\"canonical\" href=\"https:\/\/laig.ufpr.br\/?page_id=2\" \/>\n<meta property=\"og:locale\" content=\"pt_BR\" \/>\n<meta property=\"og:type\" content=\"article\" \/>\n<meta property=\"og:title\" content=\"Equipe - Laig\" \/>\n<meta property=\"og:description\" content=\"Coordenador do Laborat\u00f3rio Wander Da Cruz \ud83d\udce7 wander.cruz@ufpr.br \ud83d\udcc4 Curr\u00edculo Lattes Professores Andreas Jerke \ud83d\udce7 andreasjerke@ufpr.br \ud83d\udcc4 Curr\u00edculo Lattes Pedro Luis Faggion \ud83d\udce7 @ufpr.br \ud83d\udcc4 Curr\u00edculo Lattes T\u00e9cnica Dayane Wiggers \ud83d\udce7 dayane@ufpr.br \ud83d\udcc4 Curr\u00edculo Lattes\" \/>\n<meta property=\"og:url\" content=\"https:\/\/laig.ufpr.br\/?page_id=2\" \/>\n<meta property=\"og:site_name\" content=\"Laig\" \/>\n<meta property=\"article:modified_time\" content=\"2025-11-07T20:00:41+00:00\" \/>\n<meta name=\"twitter:card\" content=\"summary_large_image\" \/>\n<meta name=\"twitter:label1\" content=\"Est. tempo de leitura\" \/>\n\t<meta name=\"twitter:data1\" content=\"4 minutos\" \/>\n<script type=\"application\/ld+json\" class=\"yoast-schema-graph\">{\"@context\":\"https:\/\/schema.org\",\"@graph\":[{\"@type\":\"WebPage\",\"@id\":\"https:\/\/laig.ufpr.br\/?page_id=2\",\"url\":\"https:\/\/laig.ufpr.br\/?page_id=2\",\"name\":\"Equipe - Laig\",\"isPartOf\":{\"@id\":\"https:\/\/laig.ufpr.br\/#website\"},\"datePublished\":\"2012-05-31T18:05:57+00:00\",\"dateModified\":\"2025-11-07T20:00:41+00:00\",\"breadcrumb\":{\"@id\":\"https:\/\/laig.ufpr.br\/?page_id=2#breadcrumb\"},\"inLanguage\":\"pt-BR\",\"potentialAction\":[{\"@type\":\"ReadAction\",\"target\":[\"https:\/\/laig.ufpr.br\/?page_id=2\"]}]},{\"@type\":\"BreadcrumbList\",\"@id\":\"https:\/\/laig.ufpr.br\/?page_id=2#breadcrumb\",\"itemListElement\":[{\"@type\":\"ListItem\",\"position\":1,\"name\":\"In\u00edcio\",\"item\":\"https:\/\/laig.ufpr.br\/\"},{\"@type\":\"ListItem\",\"position\":2,\"name\":\"Equipe\"}]},{\"@type\":\"WebSite\",\"@id\":\"https:\/\/laig.ufpr.br\/#website\",\"url\":\"https:\/\/laig.ufpr.br\/\",\"name\":\"Laig\",\"description\":\"Laborat\u00f3rio de Instrumenta\u00e7\u00e3o Geod\u00e9sica\",\"potentialAction\":[{\"@type\":\"SearchAction\",\"target\":{\"@type\":\"EntryPoint\",\"urlTemplate\":\"https:\/\/laig.ufpr.br\/?s={search_term_string}\"},\"query-input\":{\"@type\":\"PropertyValueSpecification\",\"valueRequired\":true,\"valueName\":\"search_term_string\"}}],\"inLanguage\":\"pt-BR\"}]}<\/script>\n<!-- \/ Yoast SEO plugin. -->","yoast_head_json":{"title":"Equipe - Laig","robots":{"index":"index","follow":"follow","max-snippet":"max-snippet:-1","max-image-preview":"max-image-preview:large","max-video-preview":"max-video-preview:-1"},"canonical":"https:\/\/laig.ufpr.br\/?page_id=2","og_locale":"pt_BR","og_type":"article","og_title":"Equipe - Laig","og_description":"Coordenador do Laborat\u00f3rio Wander Da Cruz \ud83d\udce7 wander.cruz@ufpr.br \ud83d\udcc4 Curr\u00edculo Lattes Professores Andreas Jerke \ud83d\udce7 andreasjerke@ufpr.br \ud83d\udcc4 Curr\u00edculo Lattes Pedro Luis Faggion \ud83d\udce7 @ufpr.br \ud83d\udcc4 Curr\u00edculo Lattes T\u00e9cnica Dayane Wiggers \ud83d\udce7 dayane@ufpr.br \ud83d\udcc4 Curr\u00edculo Lattes","og_url":"https:\/\/laig.ufpr.br\/?page_id=2","og_site_name":"Laig","article_modified_time":"2025-11-07T20:00:41+00:00","twitter_card":"summary_large_image","twitter_misc":{"Est. tempo de leitura":"4 minutos"},"schema":{"@context":"https:\/\/schema.org","@graph":[{"@type":"WebPage","@id":"https:\/\/laig.ufpr.br\/?page_id=2","url":"https:\/\/laig.ufpr.br\/?page_id=2","name":"Equipe - Laig","isPartOf":{"@id":"https:\/\/laig.ufpr.br\/#website"},"datePublished":"2012-05-31T18:05:57+00:00","dateModified":"2025-11-07T20:00:41+00:00","breadcrumb":{"@id":"https:\/\/laig.ufpr.br\/?page_id=2#breadcrumb"},"inLanguage":"pt-BR","potentialAction":[{"@type":"ReadAction","target":["https:\/\/laig.ufpr.br\/?page_id=2"]}]},{"@type":"BreadcrumbList","@id":"https:\/\/laig.ufpr.br\/?page_id=2#breadcrumb","itemListElement":[{"@type":"ListItem","position":1,"name":"In\u00edcio","item":"https:\/\/laig.ufpr.br\/"},{"@type":"ListItem","position":2,"name":"Equipe"}]},{"@type":"WebSite","@id":"https:\/\/laig.ufpr.br\/#website","url":"https:\/\/laig.ufpr.br\/","name":"Laig","description":"Laborat\u00f3rio de Instrumenta\u00e7\u00e3o Geod\u00e9sica","potentialAction":[{"@type":"SearchAction","target":{"@type":"EntryPoint","urlTemplate":"https:\/\/laig.ufpr.br\/?s={search_term_string}"},"query-input":{"@type":"PropertyValueSpecification","valueRequired":true,"valueName":"search_term_string"}}],"inLanguage":"pt-BR"}]}},"_links":{"self":[{"href":"https:\/\/laig.ufpr.br\/index.php?rest_route=\/wp\/v2\/pages\/2","targetHints":{"allow":["GET"]}}],"collection":[{"href":"https:\/\/laig.ufpr.br\/index.php?rest_route=\/wp\/v2\/pages"}],"about":[{"href":"https:\/\/laig.ufpr.br\/index.php?rest_route=\/wp\/v2\/types\/page"}],"author":[{"embeddable":true,"href":"https:\/\/laig.ufpr.br\/index.php?rest_route=\/wp\/v2\/users\/3"}],"replies":[{"embeddable":true,"href":"https:\/\/laig.ufpr.br\/index.php?rest_route=%2Fwp%2Fv2%2Fcomments&post=2"}],"version-history":[{"count":11,"href":"https:\/\/laig.ufpr.br\/index.php?rest_route=\/wp\/v2\/pages\/2\/revisions"}],"predecessor-version":[{"id":154,"href":"https:\/\/laig.ufpr.br\/index.php?rest_route=\/wp\/v2\/pages\/2\/revisions\/154"}],"wp:attachment":[{"href":"https:\/\/laig.ufpr.br\/index.php?rest_route=%2Fwp%2Fv2%2Fmedia&parent=2"}],"curies":[{"name":"wp","href":"https:\/\/api.w.org\/{rel}","templated":true}]}}